 by 6441931?
18
What is the remainder when 41280895 is divided by 13760258?
121
What is the remainder when 3298837 is divided by 82469?
77
Calculate the remainder when 1631545 is divided by 6.
1
What is the remainder when 43649272 is divided by 1034?
1030
Calculate the remainder when 126521 is divided by 63117.
287
What is the remainder when 169567 is divided by 599?
50
What is the remainder when 744979 is divided by 82775?
4
What is the remainder when 667790 is divided by 13?
6
Calculate the remainder when 15402144 is divided by 1266.
1254
Calculate the remainder when 599906 is divided by 53.
52
Calculate the remainder when 166534409 is divided by 11.
8
What is the remainder when 754397152 is divided by 645?
637
Calculate the remainder when 1738029 is divided by 3189.
24
What is the remainder when 43230 is divided by 200?
30
Calculate the remainder when 172011558 is divided by 14602.
14600
Calculate the remainder when 10416290 is divided by 722.
718
Calculate the remainder when 7802512 is divided by 51.
22
Calculate the remainder when 13644332 is divided by 3364.
3312
Calculate the remainder when 37764684 is divided by 3979.
3974
Calculate the remainder when 9772637 is divided by 1783.
14
Calculate the remainder when 1442468 is divided by 142.
32
Calculate the remainder when 7572367 is divided by 10.
7
Calculate the remainder when 1655514 is divided by 14.
0
Calculate the remainder when 58635 is divided by 58405.
230
What is the remainder when 2030210 is divided by 557?
502
What is the remainder when 527992 is divided by 263991?
10
Calculate the remainder when 927638 is divided by 58.
44
Calculate the remainder when 4731880 is divided by 10198.
8
Calculate the remainder when 124670 is divided by 257.
25
What is the remainder when 216472 is divided by 107513?
1446
Calculate the remainder when 1838552 is divided by 408.
104
Calculate the remainder when 3719165 is divided by 651.
2
What is the remainder when 162373 is divided by 10837?
10655
Calculate the remainder when 1136746 is divided by 1431.
532
What is the remainder when 253838 is divided by 124283?
5272
Calculate the remainder when 82799 is divided by 26.
15
Calculate the remainder when 1550439 is divided by 86135.
9
Calculate the remainder when 100496 is divided by 13887.
3287
What is the remainder when 47248 is divided by 47224?
24
Calculate the remainder when 2032378 is divided by 338675.
328
What is the remainder when 1312650 is divided by 594?
504
Calculate the remainder when 223599 is divided by 74398.
405
What is the remainder when 1666385 is divided by 42?
35
What is the remainder when 3609535 is divided by 330?
325
What is the remainder when 751147 is divided by 580?
47
What is the remainder when 1642933275 is divided by 10107?
10104
Calculate the remainder when 532052 is divided by 6413.
6186
What is the remainder when 243530 is divided by 44?
34
What is the remainder when 823372 is divided by 58779?
466
Calculate the remainder when 2409543 is divided by 69.
63
What is the remainder when 1517494 is divided by 167?
132
Calculate the remainder when 13024 is divided by 79.
68
What is the remainder when 838254 is divided by 199?
66
Calculate the remainder when 3963417 is divided by 273.
3
What is the remainder when 507678 is divided by 63459?
6
Calculate the remainder when 12456808 is divided by 1557097.
32
What is the remainder when 149703 is divided by 16285?
3138
What is the remainder when 814563 is divided by 5232?
3603
Calculate the remainder when 547108923 is divided by 31.
29
Calculate the remainder when 368548 is divided by 73693.
83
What is the remainder when 90877795 is divided by 15146299?
1
What is the remainder when 19845255 is divided by 18074?
3
Calculate the remainder when 3600090 is divided by 1390.
1380
Calculate the remainder when 3923 is divided by 524.
255
What is the remainder when 104724 is divided by 2757?
2715
Calculate the remainder when 196091 is divided by 200.
91
What is the remainder when 2527267 is divided by 84239?
97
Calculate the remainder when 9838640 is divided by 28435.
130
Calculate the remainder when 20217825 is divided by 6739272.
9
Calculate the remainder when 5050595 is divided by 915.
710
Calculate the remainder when 75784 is divided by 1067.
27
What is the remainder when 110989 is divided by 239?
93
Calculate the remainder when 9033210 is divided by 645225.
60
Calculate the remainder when 12376332 is divided by 4125444.
0
Calculate the remainder when 72254 is divided by 2577.
98
What is the remainder when 5051703 is divided by 5051678?
25
Calculate the remainder when 7055420 is divided by 3.
2
What is the remainder when 311377 is divided by 11972?
105
What is the remainder when 3084698 is divided by 1191?
8
Calculate the remainder when 35293 is divided by 21.
13
What is the remainder when 6374964 is divided by 3187475?
14
Calculate the remainder when 1345421 is divided by 13590.
11
Calculate the remainder when 2282144 is divided by 113.
109
Calculate the remainder when 2609682 is divided by 4.
2
Calculate the remainder when 7545850 is divided by 1962.
1960
Calculate the remainder when 500939 is divided by 19262.
127
Calculate the remainder when 586950 is divided by 8382.
210
What is the remainder when 750669 is divided by 3277?
236
What is the remainder when 88795333 is divided by 149?
124
What is the remainder when 1611219003 is divided by 193?
191
What is the remainder when 291651072 is divided by 47?
45
Calculate the remainder when 47670946 is divided by 188.
162
Calculate the remainder when 13470995 is divided by 128295.
20
Calculate the remainder when 4330511 is divided by 60.
11
Calculate the remainder when 17551402 is divided by 26.
24
Calculate the remainder when 4013439 is divided by 29951.
5
Calculate the remainder when 12787804 is divided by 4262598.
10
What is the remainder when 1713248 is divided by 571079?
11
Calculate the remainder when 4834634 is divided by 1581.
1517
What is the remainder when 911693 is divided by 14026?
3
What is the remainder when 667925 is divided by 29028?
281
What is the remainder when 8457481 is divided by 969?
49
What is the remainder when 556776 is divided by 177?
111
What is the remainder when 20896735 is divided by 464371?
40
What is the remainder when 112513 is divided by 27876?
1009
Calculate the remainder when 80337 is divided by 2666.
357
What is the remainder when 174027 is divided by 86518?
991
Calculate the remainder when 385257 is divided by 109.
51
What is the remainder when 75721550 is divided by 880483?
12
Calculate the remainder when 75334 is divided by 2152.
14
What is the remainder when 179654871 is divided by 1142?
1141
What is the remainder when 3367243 is divided by 1667?
1570
What is the remainder when 565197 is divided by 565175?
22
What is the remainder when 1387469 is divided by 3354?
2267
What is the remainder when 2037349 is divided by 2553?
55
Calculate the remainder when 5408962 is divided by 11016.
106
What is the remainder when 5349558 is divided by 36?
30
Calculate the remainder when 32967 is divided by 14744.
3479
Calculate the remainder when 6310615 is divided by 70.
45
What is the remainder when 22028 is divided by 1785?
608
What is the remainder when 587192 is divided by 2276?
2260
Calculate the remainder when 135270408 is divided by 209.
174
Calculate the remainder when 139467393 is divided by 4132.
4129
Calculate the remainder when 797119 is divided by 398557.
5
What is the remainder when 518758 is divided by 259311?
136
Calculate the remainder when 36851017 is divided by 152.
137
What is the remainder when 503311 is divided by 134?
7
Calculate the remainder when 161957434 is divided by 2657.
2656
What is the remainder when 447432326 is divided by 190?
186
What is the remainder when 5136636 is divided by 134?
14
What is the remainder when 165423383 is divided by 10977?
10970
What is the remainder when 15605151 is divided by 5?
1
Calculate the remainder when 889071 is divided by 68377.
170
Calculate the remainder when 2428075 is divided by 15.
10
What is the remainder when 484660 is divided by 6639?
13
Calculate the remainder when 88695 is divided by 843.
180
Calculate the remainder when 1840532 is divided by 8891.
95
Calculate the remainder when 1133210 is 